{"id":1978,"date":"2019-02-26T08:37:36","date_gmt":"2019-02-26T07:37:36","guid":{"rendered":"https:\/\/invido.de\/raeume\/"},"modified":"2022-08-11T09:49:28","modified_gmt":"2022-08-11T07:49:28","slug":"meubles-encastres","status":"publish","type":"page","link":"https:\/\/invido.de\/fr\/meubles-sur-mesure\/meubles-encastres\/","title":{"rendered":"Agencements"},"content":{"rendered":"<h3>Chaque espace de vie est individuel, a ses coins, ses niches et, sous les toits, ses pentes.<\/h3>\n<p>De l&rsquo;espace avec du potentiel &#8211; gr\u00e2ce \u00e0 des meubles encastr\u00e9s parfaitement adapt\u00e9s, il est possible d&rsquo;am\u00e9nager de mani\u00e8re optimale les surfaces inutilis\u00e9es et de les transformer en espace de rangement. Les meubles sur mesure cr\u00e9ent de l&rsquo;ordre, une vue d&rsquo;ensemble et agrandissent l&rsquo;espace habitable. Les armoires et les \u00e9tag\u00e8res cr\u00e9ent de la place pour ce qui est vraiment important &#8211; pour vivre, se sentir bien et profiter. Sortez les coins et niches sombres de votre chambre de leur sommeil et cr\u00e9ez de nouveaux espaces de bien-\u00eatre.<\/p>\n","protected":false},"excerpt":{"rendered":"<p>Chaque espace de vie est individuel, a ses coins, ses niches et, sous les toits, ses pentes. De l&rsquo;espace avec du potentiel &#8211; gr\u00e2ce \u00e0 des meubles encastr\u00e9s parfaitement adapt\u00e9s, il est possible d&rsquo;am\u00e9nager de mani\u00e8re optimale les surfaces inutilis\u00e9es et de les transformer en espace de rangement. Les meubles sur mesure cr\u00e9ent de l&rsquo;ordre, &hellip;<\/p>\n","protected":false},"author":1,"featured_media":1938,"parent":2040,"menu_order":1,"comment_status":"closed","ping_status":"closed","template":"page-templates\/products.php","meta":{"footnotes":""},"class_list":["post-1978","page","type-page","status-publish","has-post-thumbnail"],"yoast_head":"<!-- This site is optimized with the Yoast SEO plugin v26.2 - https:\/\/yoast.com\/wordpress\/plugins\/seo\/ -->\n<title>Agencements - InVIDO<\/title>\n<meta name=\"robots\" content=\"index, follow, max-snippet:-1, max-image-preview:large, max-video-preview:-1\" \/>\n<link rel=\"canonical\" href=\"https:\/\/invido.de\/fr\/meubles-sur-mesure\/meubles-encastres\/\" \/>\n<meta property=\"og:locale\" content=\"fr_FR\" \/>\n<meta property=\"og:type\" content=\"article\" \/>\n<meta property=\"og:title\" content=\"Agencements - InVIDO\" \/>\n<meta property=\"og:description\" content=\"Chaque espace de vie est individuel, a ses coins, ses niches et, sous les toits, ses pentes. De l&rsquo;espace avec du potentiel &#8211; gr\u00e2ce \u00e0 des meubles encastr\u00e9s parfaitement adapt\u00e9s, il est possible d&rsquo;am\u00e9nager de mani\u00e8re optimale les surfaces inutilis\u00e9es et de les transformer en espace de rangement. Les meubles sur mesure cr\u00e9ent de l&rsquo;ordre, &hellip;\" \/>\n<meta property=\"og:url\" content=\"https:\/\/invido.de\/fr\/meubles-sur-mesure\/meubles-encastres\/\" \/>\n<meta property=\"og:site_name\" content=\"InVIDO\" \/>\n<meta property=\"article:modified_time\" content=\"2022-08-11T07:49:28+00:00\" \/>\n<meta property=\"og:image\" content=\"https:\/\/invido.de\/media\/2019\/09\/InVIDO_Raeume.jpg\" \/>\n\t<meta property=\"og:image:width\" content=\"2000\" \/>\n\t<meta property=\"og:image:height\" content=\"1000\" \/>\n\t<meta property=\"og:image:type\" content=\"image\/jpeg\" \/>\n<meta name=\"twitter:card\" content=\"summary_large_image\" \/>\n<meta name=\"twitter:label1\" content=\"Dur\u00e9e de lecture estim\u00e9e\" \/>\n\t<meta name=\"twitter:data1\" content=\"1 minute\" \/>\n<script type=\"application\/ld+json\" class=\"yoast-schema-graph\">{\"@context\":\"https:\/\/schema.org\",\"@graph\":[{\"@type\":\"WebPage\",\"@id\":\"https:\/\/invido.de\/fr\/meubles-sur-mesure\/meubles-encastres\/\",\"url\":\"https:\/\/invido.de\/fr\/meubles-sur-mesure\/meubles-encastres\/\",\"name\":\"Agencements - InVIDO\",\"isPartOf\":{\"@id\":\"https:\/\/invido.de\/fr\/#website\"},\"primaryImageOfPage\":{\"@id\":\"https:\/\/invido.de\/fr\/meubles-sur-mesure\/meubles-encastres\/#primaryimage\"},\"image\":{\"@id\":\"https:\/\/invido.de\/fr\/meubles-sur-mesure\/meubles-encastres\/#primaryimage\"},\"thumbnailUrl\":\"https:\/\/invido.de\/media\/2019\/09\/InVIDO_Raeume.jpg\",\"datePublished\":\"2019-02-26T07:37:36+00:00\",\"dateModified\":\"2022-08-11T07:49:28+00:00\",\"breadcrumb\":{\"@id\":\"https:\/\/invido.de\/fr\/meubles-sur-mesure\/meubles-encastres\/#breadcrumb\"},\"inLanguage\":\"fr-FR\",\"potentialAction\":[{\"@type\":\"ReadAction\",\"target\":[\"https:\/\/invido.de\/fr\/meubles-sur-mesure\/meubles-encastres\/\"]}]},{\"@type\":\"ImageObject\",\"inLanguage\":\"fr-FR\",\"@id\":\"https:\/\/invido.de\/fr\/meubles-sur-mesure\/meubles-encastres\/#primaryimage\",\"url\":\"https:\/\/invido.de\/media\/2019\/09\/InVIDO_Raeume.jpg\",\"contentUrl\":\"https:\/\/invido.de\/media\/2019\/09\/InVIDO_Raeume.jpg\",\"width\":2000,\"height\":1000,\"caption\":\"Des espaces pour l'individualit\u00e9\"},{\"@type\":\"BreadcrumbList\",\"@id\":\"https:\/\/invido.de\/fr\/meubles-sur-mesure\/meubles-encastres\/#breadcrumb\",\"itemListElement\":[{\"@type\":\"ListItem\",\"position\":1,\"name\":\"Startseite\",\"item\":\"https:\/\/invido.de\/fr\/\"},{\"@type\":\"ListItem\",\"position\":2,\"name\":\"Meubles sur mesure\",\"item\":\"https:\/\/invido.de\/fr\/meubles-sur-mesure\/\"},{\"@type\":\"ListItem\",\"position\":3,\"name\":\"Agencements\"}]},{\"@type\":\"WebSite\",\"@id\":\"https:\/\/invido.de\/fr\/#website\",\"url\":\"https:\/\/invido.de\/fr\/\",\"name\":\"InVIDO\",\"description\":\"\",\"potentialAction\":[{\"@type\":\"SearchAction\",\"target\":{\"@type\":\"EntryPoint\",\"urlTemplate\":\"https:\/\/invido.de\/fr\/?s={search_term_string}\"},\"query-input\":{\"@type\":\"PropertyValueSpecification\",\"valueRequired\":true,\"valueName\":\"search_term_string\"}}],\"inLanguage\":\"fr-FR\"}]}<\/script>\n<!-- \/ Yoast SEO plugin. -->","yoast_head_json":{"title":"Agencements - InVIDO","robots":{"index":"index","follow":"follow","max-snippet":"max-snippet:-1","max-image-preview":"max-image-preview:large","max-video-preview":"max-video-preview:-1"},"canonical":"https:\/\/invido.de\/fr\/meubles-sur-mesure\/meubles-encastres\/","og_locale":"fr_FR","og_type":"article","og_title":"Agencements - InVIDO","og_description":"Chaque espace de vie est individuel, a ses coins, ses niches et, sous les toits, ses pentes. De l&rsquo;espace avec du potentiel &#8211; gr\u00e2ce \u00e0 des meubles encastr\u00e9s parfaitement adapt\u00e9s, il est possible d&rsquo;am\u00e9nager de mani\u00e8re optimale les surfaces inutilis\u00e9es et de les transformer en espace de rangement. Les meubles sur mesure cr\u00e9ent de l&rsquo;ordre, &hellip;","og_url":"https:\/\/invido.de\/fr\/meubles-sur-mesure\/meubles-encastres\/","og_site_name":"InVIDO","article_modified_time":"2022-08-11T07:49:28+00:00","og_image":[{"width":2000,"height":1000,"url":"https:\/\/invido.de\/media\/2019\/09\/InVIDO_Raeume.jpg","type":"image\/jpeg"}],"twitter_card":"summary_large_image","twitter_misc":{"Dur\u00e9e de lecture estim\u00e9e":"1 minute"},"schema":{"@context":"https:\/\/schema.org","@graph":[{"@type":"WebPage","@id":"https:\/\/invido.de\/fr\/meubles-sur-mesure\/meubles-encastres\/","url":"https:\/\/invido.de\/fr\/meubles-sur-mesure\/meubles-encastres\/","name":"Agencements - InVIDO","isPartOf":{"@id":"https:\/\/invido.de\/fr\/#website"},"primaryImageOfPage":{"@id":"https:\/\/invido.de\/fr\/meubles-sur-mesure\/meubles-encastres\/#primaryimage"},"image":{"@id":"https:\/\/invido.de\/fr\/meubles-sur-mesure\/meubles-encastres\/#primaryimage"},"thumbnailUrl":"https:\/\/invido.de\/media\/2019\/09\/InVIDO_Raeume.jpg","datePublished":"2019-02-26T07:37:36+00:00","dateModified":"2022-08-11T07:49:28+00:00","breadcrumb":{"@id":"https:\/\/invido.de\/fr\/meubles-sur-mesure\/meubles-encastres\/#breadcrumb"},"inLanguage":"fr-FR","potentialAction":[{"@type":"ReadAction","target":["https:\/\/invido.de\/fr\/meubles-sur-mesure\/meubles-encastres\/"]}]},{"@type":"ImageObject","inLanguage":"fr-FR","@id":"https:\/\/invido.de\/fr\/meubles-sur-mesure\/meubles-encastres\/#primaryimage","url":"https:\/\/invido.de\/media\/2019\/09\/InVIDO_Raeume.jpg","contentUrl":"https:\/\/invido.de\/media\/2019\/09\/InVIDO_Raeume.jpg","width":2000,"height":1000,"caption":"Des espaces pour l'individualit\u00e9"},{"@type":"BreadcrumbList","@id":"https:\/\/invido.de\/fr\/meubles-sur-mesure\/meubles-encastres\/#breadcrumb","itemListElement":[{"@type":"ListItem","position":1,"name":"Startseite","item":"https:\/\/invido.de\/fr\/"},{"@type":"ListItem","position":2,"name":"Meubles sur mesure","item":"https:\/\/invido.de\/fr\/meubles-sur-mesure\/"},{"@type":"ListItem","position":3,"name":"Agencements"}]},{"@type":"WebSite","@id":"https:\/\/invido.de\/fr\/#website","url":"https:\/\/invido.de\/fr\/","name":"InVIDO","description":"","potentialAction":[{"@type":"SearchAction","target":{"@type":"EntryPoint","urlTemplate":"https:\/\/invido.de\/fr\/?s={search_term_string}"},"query-input":{"@type":"PropertyValueSpecification","valueRequired":true,"valueName":"search_term_string"}}],"inLanguage":"fr-FR"}]}},"_links":{"self":[{"href":"https:\/\/invido.de\/fr\/wp-json\/wp\/v2\/pages\/1978","targetHints":{"allow":["GET"]}}],"collection":[{"href":"https:\/\/invido.de\/fr\/wp-json\/wp\/v2\/pages"}],"about":[{"href":"https:\/\/invido.de\/fr\/wp-json\/wp\/v2\/types\/page"}],"author":[{"embeddable":true,"href":"https:\/\/invido.de\/fr\/wp-json\/wp\/v2\/users\/1"}],"replies":[{"embeddable":true,"href":"https:\/\/invido.de\/fr\/wp-json\/wp\/v2\/comments?post=1978"}],"version-history":[{"count":3,"href":"https:\/\/invido.de\/fr\/wp-json\/wp\/v2\/pages\/1978\/revisions"}],"predecessor-version":[{"id":6184,"href":"https:\/\/invido.de\/fr\/wp-json\/wp\/v2\/pages\/1978\/revisions\/6184"}],"up":[{"embeddable":true,"href":"https:\/\/invido.de\/fr\/wp-json\/wp\/v2\/pages\/2040"}],"wp:featuredmedia":[{"embeddable":true,"href":"https:\/\/invido.de\/fr\/wp-json\/wp\/v2\/media\/1938"}],"wp:attachment":[{"href":"https:\/\/invido.de\/fr\/wp-json\/wp\/v2\/media?parent=1978"}],"curies":[{"name":"wp","href":"https:\/\/api.w.org\/{rel}","templated":true}]}}

<h3>Chaque espace de vie est individuel, a ses coins, ses niches et, sous les toits, ses pentes.</h3>
<p>De l&rsquo;espace avec du potentiel &#8211; grâce à des meubles encastrés parfaitement adaptés, il est possible d&rsquo;aménager de manière optimale les surfaces inutilisées et de les transformer en espace de rangement. Les meubles sur mesure créent de l&rsquo;ordre, une vue d&rsquo;ensemble et agrandissent l&rsquo;espace habitable. Les armoires et les étagères créent de la place pour ce qui est vraiment important &#8211; pour vivre, se sentir bien et profiter. Sortez les coins et niches sombres de votre chambre de leur sommeil et créez de nouveaux espaces de bien-être.</p>

<p>Chaque espace de vie est individuel, a ses coins, ses niches et, sous les toits, ses pentes. De l&rsquo;espace avec du potentiel &#8211; grâce à des meubles encastrés parfaitement adaptés, il est possible d&rsquo;aménager de manière optimale les surfaces inutilisées et de les transformer en espace de rangement. Les meubles sur mesure créent de l&rsquo;ordre, &hellip;</p>

<!-- This site is optimized with the Yoast SEO plugin v26.2 - https://yoast.com/wordpress/plugins/seo/ -->
<title>Agencements - InVIDO</title>
<meta name="robots" content="index, follow, max-snippet:-1, max-image-preview:large, max-video-preview:-1" />
<link rel="canonical" href="https://invido.de/fr/meubles-sur-mesure/meubles-encastres/" />
<meta property="og:locale" content="fr_FR" />
<meta property="og:type" content="article" />
<meta property="og:title" content="Agencements - InVIDO" />
<meta property="og:description" content="Chaque espace de vie est individuel, a ses coins, ses niches et, sous les toits, ses pentes. De l&rsquo;espace avec du potentiel &#8211; grâce à des meubles encastrés parfaitement adaptés, il est possible d&rsquo;aménager de manière optimale les surfaces inutilisées et de les transformer en espace de rangement. Les meubles sur mesure créent de l&rsquo;ordre, &hellip;" />
<meta property="og:url" content="https://invido.de/fr/meubles-sur-mesure/meubles-encastres/" />
<meta property="og:site_name" content="InVIDO" />
<meta property="article:modified_time" content="2022-08-11T07:49:28+00:00" />
<meta property="og:image" content="https://invido.de/media/2019/09/InVIDO_Raeume.jpg" />
	<meta property="og:image:width" content="2000" />
	<meta property="og:image:height" content="1000" />
	<meta property="og:image:type" content="image/jpeg" />
<meta name="twitter:card" content="summary_large_image" />
<meta name="twitter:label1" content="Durée de lecture estimée" />
	<meta name="twitter:data1" content="1 minute" />
<script type="application/ld+json" class="yoast-schema-graph">{"@context":"https://schema.org","@graph":[{"@type":"WebPage","@id":"https://invido.de/fr/meubles-sur-mesure/meubles-encastres/","url":"https://invido.de/fr/meubles-sur-mesure/meubles-encastres/","name":"Agencements - InVIDO","isPartOf":{"@id":"https://invido.de/fr/#website"},"primaryImageOfPage":{"@id":"https://invido.de/fr/meubles-sur-mesure/meubles-encastres/#primaryimage"},"image":{"@id":"https://invido.de/fr/meubles-sur-mesure/meubles-encastres/#primaryimage"},"thumbnailUrl":"https://invido.de/media/2019/09/InVIDO_Raeume.jpg","datePublished":"2019-02-26T07:37:36+00:00","dateModified":"2022-08-11T07:49:28+00:00","breadcrumb":{"@id":"https://invido.de/fr/meubles-sur-mesure/meubles-encastres/#breadcrumb"},"inLanguage":"fr-FR","potentialAction":[{"@type":"ReadAction","target":["https://invido.de/fr/meubles-sur-mesure/meubles-encastres/"]}]},{"@type":"ImageObject","inLanguage":"fr-FR","@id":"https://invido.de/fr/meubles-sur-mesure/meubles-encastres/#primaryimage","url":"https://invido.de/media/2019/09/InVIDO_Raeume.jpg","contentUrl":"https://invido.de/media/2019/09/InVIDO_Raeume.jpg","width":2000,"height":1000,"caption":"Des espaces pour l'individualité"},{"@type":"BreadcrumbList","@id":"https://invido.de/fr/meubles-sur-mesure/meubles-encastres/#breadcrumb","itemListElement":[{"@type":"ListItem","position":1,"name":"Startseite","item":"https://invido.de/fr/"},{"@type":"ListItem","position":2,"name":"Meubles sur mesure","item":"https://invido.de/fr/meubles-sur-mesure/"},{"@type":"ListItem","position":3,"name":"Agencements"}]},{"@type":"WebSite","@id":"https://invido.de/fr/#website","url":"https://invido.de/fr/","name":"InVIDO","description":"","potentialAction":[{"@type":"SearchAction","target":{"@type":"EntryPoint","urlTemplate":"https://invido.de/fr/?s={search_term_string}"},"query-input":{"@type":"PropertyValueSpecification","valueRequired":true,"valueName":"search_term_string"}}],"inLanguage":"fr-FR"}]}</script>
<!-- / Yoast SEO plugin. -->

Chaque espace de vie est individuel, a ses coins, ses niches et, sous les toits, ses pentes. De l&rsquo;espace avec du potentiel &#8211; grâce à des meubles encastrés parfaitement adaptés, il est possible d&rsquo;aménager de manière optimale les surfaces inutilisées et de les transformer en espace de rangement. Les meubles sur mesure créent de l&rsquo;ordre, &hellip;

Des espaces pour l'individualité
