{"id":2008,"date":"2019-02-26T08:42:17","date_gmt":"2019-02-26T07:42:17","guid":{"rendered":"https:\/\/invido.de\/vielfalt\/"},"modified":"2022-07-22T13:36:37","modified_gmt":"2022-07-22T11:36:37","slug":"personnaliser-les-meubles","status":"publish","type":"page","link":"https:\/\/invido.de\/fr\/meubles-sur-mesure\/personnaliser-les-meubles\/","title":{"rendered":"Personnaliser les meubles"},"content":{"rendered":"<p>Les m\u00e9langes de mat\u00e9riaux sont vivement souhait\u00e9s. Vous pouvez combiner les surfaces, les d\u00e9cors, les coloris, les mat\u00e9riaux et les ferrures en suivant les conseils du sp\u00e9cialiste InVIDO le plus proche de chez vous.<br \/>\nBon \u00e0 savoir : Tous nos placages de bois v\u00e9ritable sont r\u00e9alis\u00e9s \u00e0 la main.<\/p>\n","protected":false},"excerpt":{"rendered":"<p>D\u00e9couvrez notre large gamme de ferrures et de surfaces et am\u00e9nagez votre habitat selon vos d\u00e9sirs.<\/p>\n","protected":false},"author":1,"featured_media":1953,"parent":2040,"menu_order":4,"comment_status":"closed","ping_status":"closed","template":"page-templates\/diversity.php","meta":{"footnotes":""},"class_list":["post-2008","page","type-page","status-publish","has-post-thumbnail"],"yoast_head":"<!-- This site is optimized with the Yoast SEO plugin v26.2 - https:\/\/yoast.com\/wordpress\/plugins\/seo\/ -->\n<title>Personnaliser les meubles - InVIDO<\/title>\n<meta name=\"robots\" content=\"index, follow, max-snippet:-1, max-image-preview:large, max-video-preview:-1\" \/>\n<link rel=\"canonical\" href=\"https:\/\/invido.de\/fr\/meubles-sur-mesure\/personnaliser-les-meubles\/\" \/>\n<meta property=\"og:locale\" content=\"fr_FR\" \/>\n<meta property=\"og:type\" content=\"article\" \/>\n<meta property=\"og:title\" content=\"Personnaliser les meubles - InVIDO\" \/>\n<meta property=\"og:description\" content=\"D\u00e9couvrez notre large gamme de ferrures et de surfaces et am\u00e9nagez votre habitat selon vos d\u00e9sirs.\" \/>\n<meta property=\"og:url\" content=\"https:\/\/invido.de\/fr\/meubles-sur-mesure\/personnaliser-les-meubles\/\" \/>\n<meta property=\"og:site_name\" content=\"InVIDO\" \/>\n<meta property=\"article:modified_time\" content=\"2022-07-22T11:36:37+00:00\" \/>\n<meta property=\"og:image\" content=\"https:\/\/invido.de\/media\/2019\/09\/Vielfalt-glasboden.jpg\" \/>\n\t<meta property=\"og:image:width\" content=\"2000\" \/>\n\t<meta property=\"og:image:height\" content=\"1000\" \/>\n\t<meta property=\"og:image:type\" content=\"image\/jpeg\" \/>\n<meta name=\"twitter:card\" content=\"summary_large_image\" \/>\n<script type=\"application\/ld+json\" class=\"yoast-schema-graph\">{\"@context\":\"https:\/\/schema.org\",\"@graph\":[{\"@type\":\"WebPage\",\"@id\":\"https:\/\/invido.de\/fr\/meubles-sur-mesure\/personnaliser-les-meubles\/\",\"url\":\"https:\/\/invido.de\/fr\/meubles-sur-mesure\/personnaliser-les-meubles\/\",\"name\":\"Personnaliser les meubles - InVIDO\",\"isPartOf\":{\"@id\":\"https:\/\/invido.de\/fr\/#website\"},\"primaryImageOfPage\":{\"@id\":\"https:\/\/invido.de\/fr\/meubles-sur-mesure\/personnaliser-les-meubles\/#primaryimage\"},\"image\":{\"@id\":\"https:\/\/invido.de\/fr\/meubles-sur-mesure\/personnaliser-les-meubles\/#primaryimage\"},\"thumbnailUrl\":\"https:\/\/invido.de\/media\/2019\/09\/Vielfalt-glasboden.jpg\",\"datePublished\":\"2019-02-26T07:42:17+00:00\",\"dateModified\":\"2022-07-22T11:36:37+00:00\",\"breadcrumb\":{\"@id\":\"https:\/\/invido.de\/fr\/meubles-sur-mesure\/personnaliser-les-meubles\/#breadcrumb\"},\"inLanguage\":\"fr-FR\",\"potentialAction\":[{\"@type\":\"ReadAction\",\"target\":[\"https:\/\/invido.de\/fr\/meubles-sur-mesure\/personnaliser-les-meubles\/\"]}]},{\"@type\":\"ImageObject\",\"inLanguage\":\"fr-FR\",\"@id\":\"https:\/\/invido.de\/fr\/meubles-sur-mesure\/personnaliser-les-meubles\/#primaryimage\",\"url\":\"https:\/\/invido.de\/media\/2019\/09\/Vielfalt-glasboden.jpg\",\"contentUrl\":\"https:\/\/invido.de\/media\/2019\/09\/Vielfalt-glasboden.jpg\",\"width\":2000,\"height\":1000,\"caption\":\"Vous souhaitez un m\u00e9lange de mat\u00e9riaux?\"},{\"@type\":\"BreadcrumbList\",\"@id\":\"https:\/\/invido.de\/fr\/meubles-sur-mesure\/personnaliser-les-meubles\/#breadcrumb\",\"itemListElement\":[{\"@type\":\"ListItem\",\"position\":1,\"name\":\"Startseite\",\"item\":\"https:\/\/invido.de\/fr\/\"},{\"@type\":\"ListItem\",\"position\":2,\"name\":\"Meubles sur mesure\",\"item\":\"https:\/\/invido.de\/fr\/meubles-sur-mesure\/\"},{\"@type\":\"ListItem\",\"position\":3,\"name\":\"Personnaliser les meubles\"}]},{\"@type\":\"WebSite\",\"@id\":\"https:\/\/invido.de\/fr\/#website\",\"url\":\"https:\/\/invido.de\/fr\/\",\"name\":\"InVIDO\",\"description\":\"\",\"potentialAction\":[{\"@type\":\"SearchAction\",\"target\":{\"@type\":\"EntryPoint\",\"urlTemplate\":\"https:\/\/invido.de\/fr\/?s={search_term_string}\"},\"query-input\":{\"@type\":\"PropertyValueSpecification\",\"valueRequired\":true,\"valueName\":\"search_term_string\"}}],\"inLanguage\":\"fr-FR\"}]}<\/script>\n<!-- \/ Yoast SEO plugin. -->","yoast_head_json":{"title":"Personnaliser les meubles - InVIDO","robots":{"index":"index","follow":"follow","max-snippet":"max-snippet:-1","max-image-preview":"max-image-preview:large","max-video-preview":"max-video-preview:-1"},"canonical":"https:\/\/invido.de\/fr\/meubles-sur-mesure\/personnaliser-les-meubles\/","og_locale":"fr_FR","og_type":"article","og_title":"Personnaliser les meubles - InVIDO","og_description":"D\u00e9couvrez notre large gamme de ferrures et de surfaces et am\u00e9nagez votre habitat selon vos d\u00e9sirs.","og_url":"https:\/\/invido.de\/fr\/meubles-sur-mesure\/personnaliser-les-meubles\/","og_site_name":"InVIDO","article_modified_time":"2022-07-22T11:36:37+00:00","og_image":[{"width":2000,"height":1000,"url":"https:\/\/invido.de\/media\/2019\/09\/Vielfalt-glasboden.jpg","type":"image\/jpeg"}],"twitter_card":"summary_large_image","schema":{"@context":"https:\/\/schema.org","@graph":[{"@type":"WebPage","@id":"https:\/\/invido.de\/fr\/meubles-sur-mesure\/personnaliser-les-meubles\/","url":"https:\/\/invido.de\/fr\/meubles-sur-mesure\/personnaliser-les-meubles\/","name":"Personnaliser les meubles - InVIDO","isPartOf":{"@id":"https:\/\/invido.de\/fr\/#website"},"primaryImageOfPage":{"@id":"https:\/\/invido.de\/fr\/meubles-sur-mesure\/personnaliser-les-meubles\/#primaryimage"},"image":{"@id":"https:\/\/invido.de\/fr\/meubles-sur-mesure\/personnaliser-les-meubles\/#primaryimage"},"thumbnailUrl":"https:\/\/invido.de\/media\/2019\/09\/Vielfalt-glasboden.jpg","datePublished":"2019-02-26T07:42:17+00:00","dateModified":"2022-07-22T11:36:37+00:00","breadcrumb":{"@id":"https:\/\/invido.de\/fr\/meubles-sur-mesure\/personnaliser-les-meubles\/#breadcrumb"},"inLanguage":"fr-FR","potentialAction":[{"@type":"ReadAction","target":["https:\/\/invido.de\/fr\/meubles-sur-mesure\/personnaliser-les-meubles\/"]}]},{"@type":"ImageObject","inLanguage":"fr-FR","@id":"https:\/\/invido.de\/fr\/meubles-sur-mesure\/personnaliser-les-meubles\/#primaryimage","url":"https:\/\/invido.de\/media\/2019\/09\/Vielfalt-glasboden.jpg","contentUrl":"https:\/\/invido.de\/media\/2019\/09\/Vielfalt-glasboden.jpg","width":2000,"height":1000,"caption":"Vous souhaitez un m\u00e9lange de mat\u00e9riaux?"},{"@type":"BreadcrumbList","@id":"https:\/\/invido.de\/fr\/meubles-sur-mesure\/personnaliser-les-meubles\/#breadcrumb","itemListElement":[{"@type":"ListItem","position":1,"name":"Startseite","item":"https:\/\/invido.de\/fr\/"},{"@type":"ListItem","position":2,"name":"Meubles sur mesure","item":"https:\/\/invido.de\/fr\/meubles-sur-mesure\/"},{"@type":"ListItem","position":3,"name":"Personnaliser les meubles"}]},{"@type":"WebSite","@id":"https:\/\/invido.de\/fr\/#website","url":"https:\/\/invido.de\/fr\/","name":"InVIDO","description":"","potentialAction":[{"@type":"SearchAction","target":{"@type":"EntryPoint","urlTemplate":"https:\/\/invido.de\/fr\/?s={search_term_string}"},"query-input":{"@type":"PropertyValueSpecification","valueRequired":true,"valueName":"search_term_string"}}],"inLanguage":"fr-FR"}]}},"_links":{"self":[{"href":"https:\/\/invido.de\/fr\/wp-json\/wp\/v2\/pages\/2008","targetHints":{"allow":["GET"]}}],"collection":[{"href":"https:\/\/invido.de\/fr\/wp-json\/wp\/v2\/pages"}],"about":[{"href":"https:\/\/invido.de\/fr\/wp-json\/wp\/v2\/types\/page"}],"author":[{"embeddable":true,"href":"https:\/\/invido.de\/fr\/wp-json\/wp\/v2\/users\/1"}],"replies":[{"embeddable":true,"href":"https:\/\/invido.de\/fr\/wp-json\/wp\/v2\/comments?post=2008"}],"version-history":[{"count":3,"href":"https:\/\/invido.de\/fr\/wp-json\/wp\/v2\/pages\/2008\/revisions"}],"predecessor-version":[{"id":5026,"href":"https:\/\/invido.de\/fr\/wp-json\/wp\/v2\/pages\/2008\/revisions\/5026"}],"up":[{"embeddable":true,"href":"https:\/\/invido.de\/fr\/wp-json\/wp\/v2\/pages\/2040"}],"wp:featuredmedia":[{"embeddable":true,"href":"https:\/\/invido.de\/fr\/wp-json\/wp\/v2\/media\/1953"}],"wp:attachment":[{"href":"https:\/\/invido.de\/fr\/wp-json\/wp\/v2\/media?parent=2008"}],"curies":[{"name":"wp","href":"https:\/\/api.w.org\/{rel}","templated":true}]}}

<p>Les mélanges de matériaux sont vivement souhaités. Vous pouvez combiner les surfaces, les décors, les coloris, les matériaux et les ferrures en suivant les conseils du spécialiste InVIDO le plus proche de chez vous.<br />
Bon à savoir : Tous nos placages de bois véritable sont réalisés à la main.</p>

<p>Découvrez notre large gamme de ferrures et de surfaces et aménagez votre habitat selon vos désirs.</p>

<!-- This site is optimized with the Yoast SEO plugin v26.2 - https://yoast.com/wordpress/plugins/seo/ -->
<title>Personnaliser les meubles - InVIDO</title>
<meta name="robots" content="index, follow, max-snippet:-1, max-image-preview:large, max-video-preview:-1" />
<link rel="canonical" href="https://invido.de/fr/meubles-sur-mesure/personnaliser-les-meubles/" />
<meta property="og:locale" content="fr_FR" />
<meta property="og:type" content="article" />
<meta property="og:title" content="Personnaliser les meubles - InVIDO" />
<meta property="og:description" content="Découvrez notre large gamme de ferrures et de surfaces et aménagez votre habitat selon vos désirs." />
<meta property="og:url" content="https://invido.de/fr/meubles-sur-mesure/personnaliser-les-meubles/" />
<meta property="og:site_name" content="InVIDO" />
<meta property="article:modified_time" content="2022-07-22T11:36:37+00:00" />
<meta property="og:image" content="https://invido.de/media/2019/09/Vielfalt-glasboden.jpg" />
	<meta property="og:image:width" content="2000" />
	<meta property="og:image:height" content="1000" />
	<meta property="og:image:type" content="image/jpeg" />
<meta name="twitter:card" content="summary_large_image" />
<script type="application/ld+json" class="yoast-schema-graph">{"@context":"https://schema.org","@graph":[{"@type":"WebPage","@id":"https://invido.de/fr/meubles-sur-mesure/personnaliser-les-meubles/","url":"https://invido.de/fr/meubles-sur-mesure/personnaliser-les-meubles/","name":"Personnaliser les meubles - InVIDO","isPartOf":{"@id":"https://invido.de/fr/#website"},"primaryImageOfPage":{"@id":"https://invido.de/fr/meubles-sur-mesure/personnaliser-les-meubles/#primaryimage"},"image":{"@id":"https://invido.de/fr/meubles-sur-mesure/personnaliser-les-meubles/#primaryimage"},"thumbnailUrl":"https://invido.de/media/2019/09/Vielfalt-glasboden.jpg","datePublished":"2019-02-26T07:42:17+00:00","dateModified":"2022-07-22T11:36:37+00:00","breadcrumb":{"@id":"https://invido.de/fr/meubles-sur-mesure/personnaliser-les-meubles/#breadcrumb"},"inLanguage":"fr-FR","potentialAction":[{"@type":"ReadAction","target":["https://invido.de/fr/meubles-sur-mesure/personnaliser-les-meubles/"]}]},{"@type":"ImageObject","inLanguage":"fr-FR","@id":"https://invido.de/fr/meubles-sur-mesure/personnaliser-les-meubles/#primaryimage","url":"https://invido.de/media/2019/09/Vielfalt-glasboden.jpg","contentUrl":"https://invido.de/media/2019/09/Vielfalt-glasboden.jpg","width":2000,"height":1000,"caption":"Vous souhaitez un mélange de matériaux?"},{"@type":"BreadcrumbList","@id":"https://invido.de/fr/meubles-sur-mesure/personnaliser-les-meubles/#breadcrumb","itemListElement":[{"@type":"ListItem","position":1,"name":"Startseite","item":"https://invido.de/fr/"},{"@type":"ListItem","position":2,"name":"Meubles sur mesure","item":"https://invido.de/fr/meubles-sur-mesure/"},{"@type":"ListItem","position":3,"name":"Personnaliser les meubles"}]},{"@type":"WebSite","@id":"https://invido.de/fr/#website","url":"https://invido.de/fr/","name":"InVIDO","description":"","potentialAction":[{"@type":"SearchAction","target":{"@type":"EntryPoint","urlTemplate":"https://invido.de/fr/?s={search_term_string}"},"query-input":{"@type":"PropertyValueSpecification","valueRequired":true,"valueName":"search_term_string"}}],"inLanguage":"fr-FR"}]}</script>
<!-- / Yoast SEO plugin. -->

Découvrez notre large gamme de ferrures et de surfaces et aménagez votre habitat selon vos désirs.

Vous souhaitez un mélange de matériaux?
