{"id":3062,"date":"2019-03-20T11:14:57","date_gmt":"2019-03-20T10:14:57","guid":{"rendered":"https:\/\/invido.de\/impressum\/"},"modified":"2020-03-31T07:47:40","modified_gmt":"2020-03-31T05:47:40","slug":"mentions-legales","status":"publish","type":"page","link":"https:\/\/invido.de\/fr\/mentions-legales\/","title":{"rendered":"Mentions l\u00e9gales"},"content":{"rendered":"<p class=\"bodytext\">Responsable de la pr\u00e9sence publicitaire: InVIDO.<\/p>\n<p class=\"bodytext\">Niederdorf \u00a9 InVIDO GmbH Individuelle M\u00f6belsysteme<\/p>\n<p class=\"bodytext\">Neue Schichtstra\u00dfe 9<br \/>\n09366 Niederdorf<br \/>\nTel.: +49 (0)37 296\/ 727 &#8211; 0<br \/>\nFax: +49 (0)37 296\/ 727 &#8211; 555<\/p>\n<p class=\"bodytext\">Internet: <a href=\"https:\/\/invido.de\">https:\/\/invido.de<\/a><br \/>\nE-Mail: <a>invido@invido.de<\/a><\/p>\n<p class=\"bodytext\">Directrice g\u00e9n\u00e9rale: Kristin Tesmer<\/p>\n<p class=\"bodytext\">Registre du commerce: immatricul\u00e9e aupr\u00e8s du tribunal d\u2019instance de Chemnitz HR B 24569 N\u00b0 de TVA international: DE 262873358<\/p>\n","protected":false},"excerpt":{"rendered":"<p>Responsable de la pr\u00e9sence publicitaire: InVIDO. Niederdorf \u00a9 InVIDO GmbH Individuelle M\u00f6belsysteme Neue Schichtstra\u00dfe 9 09366 Niederdorf Tel.: +49 (0)37 296\/ 727 &#8211; 0 Fax: +49 (0)37 296\/ 727 &#8211; 555 Internet: https:\/\/invido.de E-Mail: invido@invido.de Directrice g\u00e9n\u00e9rale: Kristin Tesmer Registre du commerce: immatricul\u00e9e aupr\u00e8s du tribunal d\u2019instance de Chemnitz HR B 24569 N\u00b0 de TVA &hellip;<\/p>\n","protected":false},"author":1,"featured_media":0,"parent":0,"menu_order":38,"comment_status":"closed","ping_status":"closed","template":"","meta":{"footnotes":""},"class_list":["post-3062","page","type-page","status-publish"],"yoast_head":"<!-- This site is optimized with the Yoast SEO plugin v26.2 - https:\/\/yoast.com\/wordpress\/plugins\/seo\/ -->\n<title>Mentions l\u00e9gales - InVIDO<\/title>\n<meta name=\"robots\" content=\"index, follow, max-snippet:-1, max-image-preview:large, max-video-preview:-1\" \/>\n<link rel=\"canonical\" href=\"https:\/\/invido.de\/fr\/mentions-legales\/\" \/>\n<meta property=\"og:locale\" content=\"fr_FR\" \/>\n<meta property=\"og:type\" content=\"article\" \/>\n<meta property=\"og:title\" content=\"Mentions l\u00e9gales - InVIDO\" \/>\n<meta property=\"og:description\" content=\"Responsable de la pr\u00e9sence publicitaire: InVIDO. Niederdorf \u00a9 InVIDO GmbH Individuelle M\u00f6belsysteme Neue Schichtstra\u00dfe 9 09366 Niederdorf Tel.: +49 (0)37 296\/ 727 &#8211; 0 Fax: +49 (0)37 296\/ 727 &#8211; 555 Internet: https:\/\/invido.de E-Mail: invido@invido.de Directrice g\u00e9n\u00e9rale: Kristin Tesmer Registre du commerce: immatricul\u00e9e aupr\u00e8s du tribunal d\u2019instance de Chemnitz HR B 24569 N\u00b0 de TVA &hellip;\" \/>\n<meta property=\"og:url\" content=\"https:\/\/invido.de\/fr\/mentions-legales\/\" \/>\n<meta property=\"og:site_name\" content=\"InVIDO\" \/>\n<meta property=\"article:modified_time\" content=\"2020-03-31T05:47:40+00:00\" \/>\n<meta name=\"twitter:card\" content=\"summary_large_image\" \/>\n<script type=\"application\/ld+json\" class=\"yoast-schema-graph\">{\"@context\":\"https:\/\/schema.org\",\"@graph\":[{\"@type\":\"WebPage\",\"@id\":\"https:\/\/invido.de\/fr\/mentions-legales\/\",\"url\":\"https:\/\/invido.de\/fr\/mentions-legales\/\",\"name\":\"Mentions l\u00e9gales - InVIDO\",\"isPartOf\":{\"@id\":\"https:\/\/invido.de\/fr\/#website\"},\"datePublished\":\"2019-03-20T10:14:57+00:00\",\"dateModified\":\"2020-03-31T05:47:40+00:00\",\"breadcrumb\":{\"@id\":\"https:\/\/invido.de\/fr\/mentions-legales\/#breadcrumb\"},\"inLanguage\":\"fr-FR\",\"potentialAction\":[{\"@type\":\"ReadAction\",\"target\":[\"https:\/\/invido.de\/fr\/mentions-legales\/\"]}]},{\"@type\":\"BreadcrumbList\",\"@id\":\"https:\/\/invido.de\/fr\/mentions-legales\/#breadcrumb\",\"itemListElement\":[{\"@type\":\"ListItem\",\"position\":1,\"name\":\"Startseite\",\"item\":\"https:\/\/invido.de\/fr\/\"},{\"@type\":\"ListItem\",\"position\":2,\"name\":\"Mentions l\u00e9gales\"}]},{\"@type\":\"WebSite\",\"@id\":\"https:\/\/invido.de\/fr\/#website\",\"url\":\"https:\/\/invido.de\/fr\/\",\"name\":\"InVIDO\",\"description\":\"\",\"potentialAction\":[{\"@type\":\"SearchAction\",\"target\":{\"@type\":\"EntryPoint\",\"urlTemplate\":\"https:\/\/invido.de\/fr\/?s={search_term_string}\"},\"query-input\":{\"@type\":\"PropertyValueSpecification\",\"valueRequired\":true,\"valueName\":\"search_term_string\"}}],\"inLanguage\":\"fr-FR\"}]}<\/script>\n<!-- \/ Yoast SEO plugin. -->","yoast_head_json":{"title":"Mentions l\u00e9gales - InVIDO","robots":{"index":"index","follow":"follow","max-snippet":"max-snippet:-1","max-image-preview":"max-image-preview:large","max-video-preview":"max-video-preview:-1"},"canonical":"https:\/\/invido.de\/fr\/mentions-legales\/","og_locale":"fr_FR","og_type":"article","og_title":"Mentions l\u00e9gales - InVIDO","og_description":"Responsable de la pr\u00e9sence publicitaire: InVIDO. Niederdorf \u00a9 InVIDO GmbH Individuelle M\u00f6belsysteme Neue Schichtstra\u00dfe 9 09366 Niederdorf Tel.: +49 (0)37 296\/ 727 &#8211; 0 Fax: +49 (0)37 296\/ 727 &#8211; 555 Internet: https:\/\/invido.de E-Mail: invido@invido.de Directrice g\u00e9n\u00e9rale: Kristin Tesmer Registre du commerce: immatricul\u00e9e aupr\u00e8s du tribunal d\u2019instance de Chemnitz HR B 24569 N\u00b0 de TVA &hellip;","og_url":"https:\/\/invido.de\/fr\/mentions-legales\/","og_site_name":"InVIDO","article_modified_time":"2020-03-31T05:47:40+00:00","twitter_card":"summary_large_image","schema":{"@context":"https:\/\/schema.org","@graph":[{"@type":"WebPage","@id":"https:\/\/invido.de\/fr\/mentions-legales\/","url":"https:\/\/invido.de\/fr\/mentions-legales\/","name":"Mentions l\u00e9gales - InVIDO","isPartOf":{"@id":"https:\/\/invido.de\/fr\/#website"},"datePublished":"2019-03-20T10:14:57+00:00","dateModified":"2020-03-31T05:47:40+00:00","breadcrumb":{"@id":"https:\/\/invido.de\/fr\/mentions-legales\/#breadcrumb"},"inLanguage":"fr-FR","potentialAction":[{"@type":"ReadAction","target":["https:\/\/invido.de\/fr\/mentions-legales\/"]}]},{"@type":"BreadcrumbList","@id":"https:\/\/invido.de\/fr\/mentions-legales\/#breadcrumb","itemListElement":[{"@type":"ListItem","position":1,"name":"Startseite","item":"https:\/\/invido.de\/fr\/"},{"@type":"ListItem","position":2,"name":"Mentions l\u00e9gales"}]},{"@type":"WebSite","@id":"https:\/\/invido.de\/fr\/#website","url":"https:\/\/invido.de\/fr\/","name":"InVIDO","description":"","potentialAction":[{"@type":"SearchAction","target":{"@type":"EntryPoint","urlTemplate":"https:\/\/invido.de\/fr\/?s={search_term_string}"},"query-input":{"@type":"PropertyValueSpecification","valueRequired":true,"valueName":"search_term_string"}}],"inLanguage":"fr-FR"}]}},"_links":{"self":[{"href":"https:\/\/invido.de\/fr\/wp-json\/wp\/v2\/pages\/3062","targetHints":{"allow":["GET"]}}],"collection":[{"href":"https:\/\/invido.de\/fr\/wp-json\/wp\/v2\/pages"}],"about":[{"href":"https:\/\/invido.de\/fr\/wp-json\/wp\/v2\/types\/page"}],"author":[{"embeddable":true,"href":"https:\/\/invido.de\/fr\/wp-json\/wp\/v2\/users\/1"}],"replies":[{"embeddable":true,"href":"https:\/\/invido.de\/fr\/wp-json\/wp\/v2\/comments?post=3062"}],"version-history":[{"count":4,"href":"https:\/\/invido.de\/fr\/wp-json\/wp\/v2\/pages\/3062\/revisions"}],"predecessor-version":[{"id":3529,"href":"https:\/\/invido.de\/fr\/wp-json\/wp\/v2\/pages\/3062\/revisions\/3529"}],"wp:attachment":[{"href":"https:\/\/invido.de\/fr\/wp-json\/wp\/v2\/media?parent=3062"}],"curies":[{"name":"wp","href":"https:\/\/api.w.org\/{rel}","templated":true}]}}

Mentions légales

<p class="bodytext">Responsable de la présence publicitaire: InVIDO.</p>
<p class="bodytext">Niederdorf © InVIDO GmbH Individuelle Möbelsysteme</p>
<p class="bodytext">Neue Schichtstraße 9<br />
09366 Niederdorf<br />
Tel.: +49 (0)37 296/ 727 &#8211; 0<br />
Fax: +49 (0)37 296/ 727 &#8211; 555</p>
<p class="bodytext">Internet: <a href="https://invido.de">https://invido.de</a><br />
E-Mail: <a>invido@invido.de</a></p>
<p class="bodytext">Directrice générale: Kristin Tesmer</p>
<p class="bodytext">Registre du commerce: immatriculée auprès du tribunal d’instance de Chemnitz HR B 24569 N° de TVA international: DE 262873358</p>

<p>Responsable de la présence publicitaire: InVIDO. Niederdorf © InVIDO GmbH Individuelle Möbelsysteme Neue Schichtstraße 9 09366 Niederdorf Tel.: +49 (0)37 296/ 727 &#8211; 0 Fax: +49 (0)37 296/ 727 &#8211; 555 Internet: https://invido.de E-Mail: invido@invido.de Directrice générale: Kristin Tesmer Registre du commerce: immatriculée auprès du tribunal d’instance de Chemnitz HR B 24569 N° de TVA &hellip;</p>

<!-- This site is optimized with the Yoast SEO plugin v26.2 - https://yoast.com/wordpress/plugins/seo/ -->
<title>Mentions légales - InVIDO</title>
<meta name="robots" content="index, follow, max-snippet:-1, max-image-preview:large, max-video-preview:-1" />
<link rel="canonical" href="https://invido.de/fr/mentions-legales/" />
<meta property="og:locale" content="fr_FR" />
<meta property="og:type" content="article" />
<meta property="og:title" content="Mentions légales - InVIDO" />
<meta property="og:description" content="Responsable de la présence publicitaire: InVIDO. Niederdorf © InVIDO GmbH Individuelle Möbelsysteme Neue Schichtstraße 9 09366 Niederdorf Tel.: +49 (0)37 296/ 727 &#8211; 0 Fax: +49 (0)37 296/ 727 &#8211; 555 Internet: https://invido.de E-Mail: invido@invido.de Directrice générale: Kristin Tesmer Registre du commerce: immatriculée auprès du tribunal d’instance de Chemnitz HR B 24569 N° de TVA &hellip;" />
<meta property="og:url" content="https://invido.de/fr/mentions-legales/" />
<meta property="og:site_name" content="InVIDO" />
<meta property="article:modified_time" content="2020-03-31T05:47:40+00:00" />
<meta name="twitter:card" content="summary_large_image" />
<script type="application/ld+json" class="yoast-schema-graph">{"@context":"https://schema.org","@graph":[{"@type":"WebPage","@id":"https://invido.de/fr/mentions-legales/","url":"https://invido.de/fr/mentions-legales/","name":"Mentions légales - InVIDO","isPartOf":{"@id":"https://invido.de/fr/#website"},"datePublished":"2019-03-20T10:14:57+00:00","dateModified":"2020-03-31T05:47:40+00:00","breadcrumb":{"@id":"https://invido.de/fr/mentions-legales/#breadcrumb"},"inLanguage":"fr-FR","potentialAction":[{"@type":"ReadAction","target":["https://invido.de/fr/mentions-legales/"]}]},{"@type":"BreadcrumbList","@id":"https://invido.de/fr/mentions-legales/#breadcrumb","itemListElement":[{"@type":"ListItem","position":1,"name":"Startseite","item":"https://invido.de/fr/"},{"@type":"ListItem","position":2,"name":"Mentions légales"}]},{"@type":"WebSite","@id":"https://invido.de/fr/#website","url":"https://invido.de/fr/","name":"InVIDO","description":"","potentialAction":[{"@type":"SearchAction","target":{"@type":"EntryPoint","urlTemplate":"https://invido.de/fr/?s={search_term_string}"},"query-input":{"@type":"PropertyValueSpecification","valueRequired":true,"valueName":"search_term_string"}}],"inLanguage":"fr-FR"}]}</script>
<!-- / Yoast SEO plugin. -->

Mentions légales - InVIDO

Responsable de la présence publicitaire: InVIDO. Niederdorf © InVIDO GmbH Individuelle Möbelsysteme Neue Schichtstraße 9 09366 Niederdorf Tel.: +49 (0)37 296/ 727 &#8211; 0 Fax: +49 (0)37 296/ 727 &#8211; 555 Internet: https://invido.de E-Mail: invido@invido.de Directrice générale: Kristin Tesmer Registre du commerce: immatriculée auprès du tribunal d’instance de Chemnitz HR B 24569 N° de TVA &hellip;
